, 19, 31
Let u(l) = 9*l - 25. Let d be u(3). Let i(z) = 2*z**2 - 4*z - 6. Let o be i(-4). Suppose d*f = o - 16. List the prime factors of f.
13
Let x be ((-18)/(-4))/(6/(-272)). Let f = x - -294. Suppose 0 = -3*k + 177 + f. List the prime factors of k.
89
Suppose -4 = 3*d - 4*d. Suppose -5*t + 0*x + 4555 = d*x, 2*x - 2735 = -3*t. Suppose -14*q - t = -19*q. List the prime factors of q.
3, 61
Let t(m) = -m**2 - 12*m - 10. Let g be t(-11). Let r be (14 + -26)*g/(-3). List the prime factors of (13 - -4) + (-2 - -2) - r.
13
Let u = -3405 - -9615. What are the prime factors of u?
2, 3, 5, 23
Suppose -3*m - 3*z + 25431 = 0, 4*m + 6255 = -z + 40145. What are the prime factors of m?
43, 197
Let v = -516 - -511. What are the prime factors of (6 - 0/v) + 1324?
2, 5, 7, 19
Let c(g) = -2*g + 6. Let f be c(3). Suppose -5*v + 80 + 55 = f. Suppose -54 = -3*u + v. What are the prime factors of u?
3
Let q(n) = -7*n + 14. Suppose 9*i = i + 24. Let y be q(i). List the prime factors of (-403)/y + 2 + (-6)/(-14).
2, 3, 5
Let h(t) = t**2 - 22. Let l be h(5). Suppose 0 = 2*g - 10, -u - 2*g - 232 = -l*u. What are the prime factors of u?
11
Suppose -253988 = -4*x + 3*w, -24*x + 26*x = -2*w + 127022. List the prime factors of x.
11, 23, 251
Suppose 0 = 1164*p - 1188*p + 128832. What are the prime factors of p?
2, 11, 61
List the prime factors of ((-129)/((-2967)/1426))/(649/(-651) - -1).
3, 7, 31
Suppose -5*i - 4*q = -15, q = 5*i - 4*q - 15. Suppose 0 = -3*g - i*p + 93, g + 3*p = 5*p + 46. Let h = g - 28. List the prime factors of h.
2
Let h = 121 - 112. Suppose 20*d - 3212 = h*d. Suppose -2*o + p = -d, -144 = -o - 5*p + 24. List the prime factors of o.
2, 37
Let a(l) = l**2 + 154*l + 673. What are the prime factors of a(71)?
2, 2081
Suppose k + 2 = 0, -k = -5*w + 5 + 27. Let u(z) = 25*z**2 - 109*z - 6. List the prime factors of u(w).
2, 3, 5
Suppose -13*l - 134556 + 366403 = -6*l. List the prime factors of l.
11, 3011
Let l(b) = 14*b**3 - 13*b**2 - 3*b + 65. Let w(v) = 5*v**3 - 5*v**2 - v + 22. Let j(g) = -6*l(g) + 17*w(g). What are the prime factors of j(12)?
2, 179
Let o(m) = m**3 + 62*m**2 + 111*m - 524. List the prime factors of o(-59).
2, 5, 337
Let j be (-4 + (-2 - -6))/(-5). Suppose -2*v + g = -j*v - 1168, 2921 = 5*v - 3*g. What are the prime factors of v?
11, 53
Let n(k) = -750*k**3 + 19*k**2 + 3*k - 11. List the prime factors of n(-4).
48281
Suppose 962692 = -262*a + 4160951 + 2614997. What are the prime factors of a?
2, 3, 43
Let g be 3/6*((0 - -2) + 0). Suppose -x - 3*y - 14 = g, -5*y = 4*x + 32. What are the prime factors of (x/(45/138) + 4)*-15?
2, 3, 13
Suppose -5*n = -b - 43, -7 - 32 = -3*n + 5*b. Suppose -5*y - n = -18. Suppose y*c + 312 = 6*c. List the prime factors of c.
2, 3, 13
Let j(r) = -r**3 - 5*r**2 + 3*r - 19. Let b be j(-6). What are the prime factors of 9464/49 + b/7?
193
Let g(z) = 3*z**3 - 11*z**2 - 8*z + 126. List the prime factors of g(10).
2, 7, 139
Let s(p) be the second derivative of -3*p**5/20 + p**4/2 - p**3/6 + p**2 + 2*p. Let i be s(4). Let u = i + 196. List the prime factors of u.
2, 7
Let z = -10 - -14. Suppose -9*u + z*u = -60. List the prime factors of 272/u - 6/(-27)*-3.
2, 11
Let k(j) = 29186*j**3 - j**2 + 60*j - 60. List the prime factors of k(1).
5, 13, 449
Let k(c) = -79*c**3 - 123*c**3 + 3*c**2 - 3 + 2*c - 3*c. Suppose 2*s + 9 = -3*p, 8 = 2*p - 4*p - 2*s. What are the prime factors of k(p)?
7, 29
Let g(m) = 8*m - 230. Let r be g(31). Suppose -4*f + 5*t = -2153, -2*f + r*t + 1079 = 15*t. What are the prime factors of f?
2, 7, 19
Suppose m - 4 = a - 0, -a - 3*m + 16 = 0. Let r(v) = 999*v - 15. What are the prime factors of r(a)?
2, 3, 41
Let a = -408 + 408. Let w(n) = -5*n**2 + 17*n + 76. Let v(x) = -2*x**2 + 6*x + 25. Let k(s) = -8*v(s) + 3*w(s). What are the prime factors of k(a)?
2, 7
Let p(c) = 6*c - 28. Let h be p(-35). What are the prime factors of (-5)/((-20)/(-2))*h?
7, 17
Let k(c) = -c**3 - 9*c - 7. Let i(b) = -4*b - 3. Let t(a) = 5*i(a) - 2*k(a). Suppose 0*v - 3 = -v. What are the prime factors of t(v)?
47
Suppose w - 27*f + 32*f - 1304 = 0, 2*f + 6439 = 5*w. Suppose -1097 = -2*p + w. List the prime factors of p.
1193
Suppose -4*t = -51*m + 56*m - 12547, 2*t - 6311 = 5*m. What are the prime factors of t?
7, 449
Let g be 1410 + 7*(-5 - -4). Suppose g = 2*c - 3. What are the prime factors of c?
19, 37
Let c be 2/(-5) - (-9 - 16115/(-25)). Let s = -24 - -8. What are the prime factors of (c/s)/((-3)/(-16)*2)?
2, 53
Let d = 136 + -131. Let m(p) = 8*p**2 - 27*p - 5. List the prime factors of m(d).
2, 3, 5
Suppose 0 = 13*z - 320 - 1994. Suppose -2*x - 684 = -3*s + z, -4*s = 4*x - 1116. What are the prime factors of s?
2, 71
Suppose 17*d - 24 = 5*d. Suppose d*l = -10 + 2. List the prime factors of (13/l)/((-1)/(3 + 1)).
13
List the prime factors of (-60)/120*1/(-2) + 57406/8.
2, 3, 13, 23
Let t = -704 + 1089. What are the prime factors of (-4 + t/(-14))/(3/(-92))?
2, 3, 7, 23
Let r = 91248 - 57999. List the prime factors of r.
3, 11083
Let j = -381 - -384. Suppose j*r = 12, -672 = -b - 4*r + 507. What are the prime factors of b?
1163
Let u = -471 + 465. What are the prime factors of (5808/(-15) - u)*(-15)/6?
953
Suppose -d - 3*j + 3833 = 0, d - 9*j - 3834 = -11*j. Let w = -2557 + d. List the prime factors of w.
1279
Suppose 183 = -5*p + 168, -p = -2*f + 74097. What are the prime factors of f?
3, 53, 233
List the prime factors of -12*22/132 + 10979 + 0.
3, 3659
Let b = 16520 + 16248. What are the prime factors of b?
2
Suppose -2*v - 14*k = -14128, 9*v = 10*v - 3*k - 7104. List the prime factors of v.
2, 3, 197
Let l = 9470 + 4722. What are the prime factors of l?
2, 887
Let t be (-12)/(-42) - (-2)/(-7). Suppose 0 = -t*n - 7*n + 2583. List the prime factors of n.
3, 41
Let q = 39 - 42. Let v be -3 - 2/(1 + q). What are the prime factors of (((-189)/v)/3)/(8/16)?
3, 7
List the prime factors of 5896/(-10)*(-580)/58.
2, 11, 67
Let n(g) = 5*g**2 + 19*g - 20. Let i be n(1). Suppose i*o + 52 - 236 = 0. List the prime factors of o.
2, 23
Let d be 4 - 15/4 - (-3)/(-12). Suppose d*r + 6 = 2*r. What are the prime factors of -2 + (r/2)/((-5)/(-70))?
19
Let b = 147 - 127. Suppose 9*m - b*m = -1760. List the prime factors of m.
2, 5
Let r(l) = l**3 - 6*l**2 - 15*l - 5. Let q be r(8). Suppose q*x - 63 - 77 = -4*h, 0 = -3*x + 3*h + 126. List the prime factors of x.
2, 11
Suppose -3*w + 7253 = 4*b - 2*b, 12085 = 5*w + 4*b. Let r = w - 1725. List the prime factors of r.
2, 3, 29
Let k be (-4540)/(-10)*(-20)/(-8). Let h = k - 638. List the prime factors of h.
7, 71
Let g be (16/12)/(16/12). Suppose 0*z = 5*o - 2*z - 17, -o - 2*z + g = 0. Suppose 552 = o*q + 3*q. List the prime factors of q.
2, 23
Suppose -155*u + 31*u + 402876 = 0. List the prime factors of u.
3, 19
Let m(z) = 3*z + 16. Let t be m(-10). List the prime factors of 4/t - -3*116/42.
2
Let y be (-210)/(-4)*8/6. Let w(p) = -15*p - 155. Let t be w(-9). What are the prime factors of (4/t)/((-2)/y)?
7
Let t(f) = f**3 - 16*f**2 + 12*f + 296. List the prime factors of t(25).
6221
Suppose -3*c - 4*y + 14149 = 0, -223*c + y = -222*c - 4728. What are the prime factors of c?
4723
Let b(u) = 4*u**3 - 2*u**2 - 8*u + 5. Let j(o) = o**2 + o. Let s(y) = -b(y) - 4*j(y). List the prime factors of s(-3).
73
Let v = -204 + 228. Suppose 2*w - v = 432. What are the prime factors of w?
2, 3, 19
Suppose 5375 = x - 5*g, 877*x + 26791 = 882*x + 3*g. What are the prime factors of x?
2, 5, 67
Suppose 0 = -2*z - i + 6 + 4, 4*z + 3*i = 20. Suppose 2*p - 144 = v, 0*v + 294 = 4*p - z*v. Let k = 275 - p. List the prime factors of k.
2, 3, 17
Let u(y) = -2*y**3 + 3*y**2 - 2*y + 2. Suppose -5*v + 7*v + 50 = 0. Let a = 22 + v. What are the prime factors of u(a)?
89
Suppose -4*f - 12 = -4*x, 3*x - 8*f + 4*f = 8. Let u be -64 + 1 + -4 + x. Let n = -14 - u. List the prime factors of n.
7
Suppose 4*l = 5*s + 10635, 0*l + 2*s = -3*l + 8005. Suppose -5*k + l = 4*c, 4*c - 13*k + 12*k - 2683 = 0. What are the prime factors of c?
2, 5, 67
Let l(o) = 3*o**2 - 103*o + 100. What are the prime factors of l(42)?
2, 13, 41
Let x = -303 - -45. What are the prime factors of -2*4/(48/x)?
43
Let m(y) be the third derivative of -17*y**6/30 - y**5/30 + 2*y**2. Suppose -311*w - 1 = -310*w. List the prime factors of m(w).
2, 3, 11
